5*r**5 - 1/120*r**6 - 1/8*r**4 + 0*r + 0 - 5*r**2. Give g(4).
-13
Let p(g) = -g**2 + 4*g. Let c be p(0). Suppose c*v - 4 = -v. Suppose -x + v*s - 3 = 0, 4*x - 6*s + 2*s - 24 = 0. Let n(k) = -k + 11. What is n(x)?
2
Let v(f) be the second derivative of f**3/6 - 3*f**2 + f - 21. Give v(10).
4
Suppose -2*b + 5*m - 29 = -5*b, b - m = -1. Let a(i) = -4*i + 2. Determine a(b).
-10
Suppose 0 = -113*p + 278 - 1182. Let a(s) = -s**3 - 6*s**2 + 18*s + 4. Give a(p).
-12
Suppose -8*i = 104*i - 672. Let g(a) = 4*a - 29. Calculate g(i).
-5
Let r(t) = -t - 1. Let b(o) = 3*o - 1. Let a(u) = -b(u) - 2*r(u). Suppose 16*v - 35 = 9*v. What is a(v)?
-2
Let a(x) = -12*x**2 + x + 1. Let o be 48/5 + (-9)/15. Suppose -14*l = -o*l + 135. Let j = -28 - l. What is a(j)?
-12
Suppose 12 = -4*p, -3*x + 6*p + 21 = 5*p. Suppose -35 = 8*v - 51. Suppose 3*t - x = -3*u, -4 = -5*u - v*t + 12. Let z(h) = -h + 9. Determine z(u).
5
Let w(j) = 6*j**3 - 2*j**2. Let f(k) = 8*k - 94. Let u be f(12). Determine w(u).
40
Let l(i) be the first derivative of i**4/4 - 7*i**3/3 - i**2/2 + 6*i + 2. Let g be 4/12*9 + -2 + 6. Determine l(g).
-1
Let c(a) = a**3 - 3*a**2 - a - 3. Let k be (2 - (-13)/(-4))*-20. Let w be 4/10 + 65/k. Suppose 5*r + 3*m = 9, 2*m + 3*m = -w*r - 1. Determine c(r).
-6
Let j(u) = u**2 + 3*u - 1. Let v(m) = m - 8. Let s = 18 + -5. Suppose 2*p - x - s = 0, 5 - 6 = x. Let r be v(p). Determine j(r).
-3
Let m(z) = z**3 - z**2 + z - 1. Let s(k) = -11*k**3 - 2*k**2 + k. Let r = -12 - -11. Let h(i) = r*m(i) + s(i). Calculate h(1).
-12
Let m(n) = -1 - 2 - n + 0. Let q(i) = -i**3 - 11*i**2 - 13*i - 15. Let d be q(-10). Suppose -3*g + 5*a + d = -8*g, -a = -2*g + 3. What is m(g)?
-3
Let j(d) = 3*d**2 - 3*d + 2. Let t be j(5). Suppose 0 = 4*r - 3*u - t, -3*u = 4*r - 2*u - 54. Let l(b) = 6*b + b + 3 - r*b + 8*b. What is l(-3)?
0
Let r(s) be the second derivative of -s**4/12 + s**3/6 + 22*s**2 + 292*s. What is r(0)?
44
Let j be (-600)/18*12/10. Let q = j - -36. Let f(y) = 2*y. Calculate f(q).
-8
Let n(i) = -1. Let u(t) = t + 3. Let o be 4 - (-4 + 5)*2. Suppose 0*z = -2*z + o. Let w(h) = z*n(h) + u(h). What is w(-6)?
-4
Let p = 1 + 4. Suppose -5*n - 3*z = -3*n + 12, 22 = -4*n - p*z. Let q(h) = -3*h - 3. What is q(n)?
6
Let g = 1 + -9. Let a(p) = 4*p - 4. Let c(w) = 12*w - 11. Let y(r) = g*a(r) + 3*c(r). Give y(-5).
-21
Suppose 77*w + 105 = -42*w - 490. Let f(d) = 8. Let j(m) = m - 17. Let k(v) = 5*f(v) + 2*j(v). Calculate k(w).
-4
Let v(f) = f**3 - 5*f**2 + 7*f - 5. Let l be 6 + (-5 - 5) - -8. Determine v(l).
7
Suppose -2*c + 3*c + 4*m = -6, -4*c = -4*m + 4. Let l be 2 - (-2)/(0 - c). Let d(g) = 2*g - 4. What is d(l)?
2
Let x(g) be the first derivative of -16 - 1/3*g**3 - g**2 - 2*g. Let t be (-1 + (-2)/6)*3. What is x(t)?
-10
Let g(t) = -t**3 - 10*t**2 + 11*t - 3. Let q be g(-11). Let f(m) = 13*m + 6. Determine f(q).
-33
Let j(g) = -9*g**2 + g - 1. Let b = -19 + 23. Let l(z) = z**3 - 4*z**2 + 4. Let r be l(b). Let f be 3 - (-1)/((-2)/r). Determine j(f).
-9
Let m(a) = a - 7. Let r = 42 - 28. Suppose k + r = 3*k. Give m(k).
0
Let w(k) = -1675*k - 3350. Let c be w(-2). Let j(u) = 4*u - 2*u - 4 - 3*u. Calculate j(c).
-4
Let h(u) = -u - 3. Suppose -2*x = 5*v - 2, 5*v = -x - 0*x + 6. Suppose p + 30 = v*b, 4*b + 4*p + 22 = 58. Suppose 4*k + 1 = b. Determine h(k).
-6
Let m(j) = 2*j**2 + j - 1. Let b(s) = -3*s**2 - s + 1. Let c(i) = 4*b(i) + m(i). Determine c(2).
-43
Suppose 3*i = -20 + 122. Suppose 2*g - 44 = -i. Let z(t) = t + 5. Let f(q) = 4*q + 14. Let s(n) = 2*f(n) - 7*z(n). Give s(g).
-2
Suppose h - 2*h + 12 = 4*z, -5*z + 8 = 3*h. Let u be (24/9)/((h/(-6))/2). Let k(y) = y**3 - 9*y**2 + 8*y + 2. Calculate k(u).
2
Let x(c) be the first derivative of 2*c - c**2 - 4*c - c - 17 - 5*c. Give x(-7).
6
Let w(f) = -44*f - 13. Let n(a) = -81*a - 28. Let u(m) = 6*n(m) - 11*w(m). Give u(-14).
3
Let l be (-12)/24 - ((-87)/10 + 2/10). Let t(c) be the first derivative of c**4/4 - 3*c**3 + 4*c**2 + 4*c + 1. Determine t(l).
4
Let o(c) = -c + 1. Suppose -4*d = 3*i + 22, 4*i = 4*d + 8 - 0. Let u(j) = 4 - 3*j**2 - 3*j + 5*j**3 - 4*j**2 + 6*j**2. Let v(a) = d*o(a) + u(a). Give v(1).
5
Let m = -16 + 21. Let u(f) = -2*f**3 - 4*f**2 - 5*f + 5. Let g = 1 + 2. Let t(q) = -q**3 - 4*q**2 - 5*q + 5. Let w(i) = g*t(i) - 2*u(i). What is w(m)?
5
Let w(y) be the first derivative of -19*y**5/20 - y**4/12 - y**3/3 - y**2/2 + 13*y + 20. Let z(c) be the first derivative of w(c). What is z(-1)?
19
Let f(q) = -q + 6. Let k(r) = 2*r - 10. Let a(n) = -5*f(n) - 2*k(n). Calculate a(10).
0
Let m(d) be the third derivative of d**8/20160 - d**7/1680 + d**6/360 - 11*d**5/30 + 16*d**2. Let f(t) be the third derivative of m(t). Give f(3).
2
Let v(h) = h**3 + h**2 - 2*h + 3. Suppose 0 = -5*o - n + 4, -4*o - 2*n + 0 = -8. Calculate v(o).
3
Let g = 1338 + -1336. Let s(b) be the first derivative of b**3/3 - 3*b**2 + 3*b + 2. Give s(g).
-5
Let y(b) = 17*b**3 + 4*b + 5*b**3 - 2*b**2 - 4 - 23*b**3. Determine y(3).
-37
Suppose -2*t - 3*t + 50 = 0. Let a be 6*(4 + (-35)/t). Let b(w) = -a*w + 8*w - 6*w - 9. Calculate b(-5).
-4
Let t(b) = 1 + 0*b + 2*b**2 + 0*b + 2*b + 2*b - 3*b**2. Determine t(3).
4
Let x = -5 + 7. Let o = 5 - 3. Let h(z) = o*z - 7 + 0*z + z**x + 1 + 4*z. Give h(-5).
-11
Let f(r) = 6*r**2 + 5 - 5 + r - 2*r**2 + r**2. Give f(1).
6
Let k(o) = 3*o**2 - 9*o + 2. Let d(a) = 7*a**2 - 19*a + 3. Let i(y) = 2*d(y) - 5*k(y). Determine i(7).
-4
Let s(w) be the second derivative of -w**5/20 + 2*w**4/3 - 7*w**3/6 - 2*w**2 - 9*w + 4. Give s(6).
26
Let d(q) = -2*q - 4. Let o(x) be the first derivative of x**3/3 - x**2/2 + 3*x - 16. Let c be o(0). Calculate d(c).
-10
Let f(p) = -p**3 + 2*p**2 + 1. Let u be 36/(-21) - ((-25)/35 + 1). What is f(u)?
17
Let m(p) be the first derivative of -p**3 + p**2/2 + 46. Let n be (2/(-4))/(-7 - 26/(-4)). Calculate m(n).
-2
Let w(y) = y + 11. Suppose -16*g + 40 = -20*g. Give w(g).
1
Suppose 10 = 3*a + 3*v - 23, 3*a + 2*v - 32 = 0. Let d(m) = m**3 - 11*m**2 + 7*m + 21. Determine d(a).
-9
Suppose 4*x + 68 = -4*l, -3*x = l + x + 14. Suppose -4*n = -2*d + 68, -2*n - 3*d = -2*d + 26. Let j = l - n. Let s(q) = -q**3 - 4*q**2 - 3*q. Give s(j).
0
Suppose 4 + 10 = -2*n - 4*v, -2*n = -v - 11. Let y(j) = -j**2 - 2 - j**2 - 4*j + 3 + 4*j**2. Give y(n).
7
Let f(n) = -n**2 - 12*n + 14. Suppose -7*z - 60 = 5*q - 6*z, 5*q + 4*z + 60 = 0. Determine f(q).
14
Suppose -26 = 12*c - 14. Let v(o) = 4*o**2 + o. Determine v(c).
3
Suppose 40 - 26 = -7*f. Let t(h) = -5*h + 3. What is t(f)?
13
Let s(j) = j + 4. Let w(m) = 1. Let a(h) = s(h) - 2*w(h). Let i = 1021 + -1015. Determine a(i).
8
Let d(j) = j**3 - 2*j**2 - 35*j + 3. Let r be d(-5). Let z(o) = -o**3 + 6*o**2 - 10*o - 3. Determine z(r).
-6
Let w(j) be the second derivative of -13*j**6/720 + 11*j**4/4 - 24*j. Let m(s) be the third derivative of w(s). What is m(1)?
-13
Let m(s) = 3*s - 3. Let d = -6 + 8. Let y = -1 - -1. Suppose r = 4*z + 15, 2*r = -y*r - d*z. Give m(r).
6
Let k(n) = -n**3 - 6*n**2 - 2*n - 4. Suppose 6*g + 9*g = -75. What is k(g)?
-19
Let b(r) = 53*r**2 + 6 - 54*r**2 + 59*r - 53*r. Calculate b(6).
6
Let p(n) = 2*n**2 + 3*n - 4. Let w = -16 + 13. Give p(w).
5
Let q(g) = -g**2 + 7*g + 14. Let d be q(8). Let a(s) = -19*s**2 - 5*s + 20*s**2 + 3*s - 8*s + 7. Calculate a(d).
-17
Let l = -126 + 129. Let i(z) = -44*z**3 + 30*z**l + 5*z**2 + 1 - 5*z**2. Give i(-1).
15
Let w(n) = 296*n**2 - 22 - 295*n**2 + 2*n + 23. Let v(i) = 3*i + 1. Let j be v(-1). Determine w(j).
1
Let f(q) = 3*q + 7. Suppose 406 = 5*z - 3*k + 122, 4*z + 5*k = 242. Suppose -2*a = -0*a + z. Let m = a - -24. Give f(m).
-8
Suppose -2*q + 152 = 2*q. Let b = -33 + q. Let o(h) = h**2 - 4*h + 2. Determine o(b).
7
Let a(o) = -8*o**3 + 10*o**2 - 7*o - 2. Let l(v) = 3*v**3 - 4*v**2 + 3*v + 1. Let k(j) = 2*a(j) + 5*l(j). What is k(0)?
1
Let i(m) be the third derivative of -m**4/24 + 2*m**3/3 + 2*m**2. Let k be i(4). Let x(a) = 9 + 14 + a**2 - 38 + 6 - a. Determine x(k).
-9
Let j(x) be the third derivative of -x**4/24 + x**3/6 - 4*x**2. Suppose -9*z - 12 = -3*z. What is j(z)?
3
Suppose -5*k + 2*y = -104, y = -k - 2*y + 14. Suppose 7*p - 11*p = -k. Let l(r) = 8*r - 2*r**2 - 2*r**2 + 4*r**2 - r**2 - 5. Give l(p).
10
Let x be ((-3)/6)/(2/4). Let u(m) = 5*m + 2. What is u(x)?
-3
Let s(x) = -x**2 - 2*x + 15. Let l(k) = 3